at is the greatest common factor of f and 24?
24
Suppose 5*d = -4*g + 3*d + 76, 5*g - 94 = -3*d. Suppose -6 = 5*k - 16. Calculate the highest common divisor of g and k.
2
Suppose -2493 = -5*r + 3*f, r + f = 678 - 173. Suppose 4*q - r = -0*j + 5*j, -3*j - 610 = -5*q. What is the highest common divisor of 17 and q?
17
Suppose 0*x = x + 3*r - 7, -x + 15 = -r. What is the highest common factor of x and 104?
13
Let m be 99 + 0*(-4 + 5). Suppose 2*h = -3*h + 145. Suppose 2*a + h = m. Calculate the greatest common divisor of a and 5.
5
Let j = 8 + -19. Let l(q) = -45*q + 2. Let g(h) = 134*h - 5. Let u(f) = j*l(f) - 4*g(f). Let y be u(-2). What is the greatest common factor of y and 16?
16
Suppose 1 = 2*j + 11. Let x be (-8)/j*50/4. Suppose 3*m + 10 = 5*m. Calculate the greatest common divisor of x and m.
5
Let j = 33 - 30. What is the greatest common factor of 30 and j?
3
Suppose 5*h - 99 = h - 5*x, 128 = 5*h + 2*x. Calculate the greatest common divisor of h and 130.
26
Let n be (6/5)/((-12)/(-40)). Suppose 3*u = 2*o + 2*u - 16, -5*u = 4*o - n. Let t be 3/o + (-34)/(-4). What is the highest common factor of 72 and t?
9
Let p be (2/2 + -1011)/(-2). Suppose 0 = 5*c - 70 - p. What is the greatest common divisor of c and 23?
23
Suppose 0 = -4*b - 16, 2*j - 4*b - 19 - 1 = 0. Let i = -3 - -6. Suppose 0 = n - 17 + i. Calculate the highest common divisor of n and j.
2
Let o(j) = -19*j + 5. Let v = -14 + 8. Let b be o(v). What is the highest common factor of b and 17?
17
Let r = -93 + 168. Suppose 3*h - r = -0*h. Calculate the highest common factor of 25 and h.
25
Let l be ((-6 - -4)/(-6))/(2/174). Calculate the highest common factor of 261 and l.
29
Let p be 0 + (18/(-24))/(3/(-144)). Suppose -4 = -3*a - 4*f - 0, -4*a + 14 = f. What is the highest common factor of a and p?
4
Let n = -2 + -1. Let j be (20/(-15))/(1/n). Calculate the highest common divisor of 32 and j.
4
Let i be 50/(-15)*6*-13. Suppose 2*d - i = -3*d. Suppose -3*k + d = -83. Calculate the highest common factor of 9 and k.
9
Suppose w + 190 = 2*w. What is the highest common factor of 19 and w?
19
Suppose -l = -51 + 12. Suppose 3*n - 27 = l. What is the greatest common divisor of 198 and n?
22
Suppose 0*l - 4*l + 44 = 0. Calculate the greatest common divisor of 121 and l.
11
Let x(t) = t**3 - 4*t**2 - 10*t + 8. Let d be x(6). Let r(k) = -9*k**2 - 3*k + 10*k**2 + 7 + 3. Let j be r(8). Calculate the highest common factor of j and d.
10
Let r = 143 + -70. Let c = -10 + r. Calculate the highest common divisor of 9 and c.
9
Suppose -4*o = -0*o - 3*y - 454, 120 = o - 4*y. Let a = -5 - -9. Suppose o - 352 = -a*f. What is the greatest common divisor of 24 and f?
12
Let y(r) = 14*r**2. Let i be y(-1). What is the highest common factor of 14 and i?
14
Suppose -61 = -5*y + w, w + 11 = y - 2. What is the greatest common divisor of y and 36?
12
Let p(h) = h**2 + 4*h + 1. Let b be p(-3). Suppose i + 1 = 0, -k + 4*i + 2 = 4. Let l be (1/b)/(k/180). What is the highest common factor of 45 and l?
15
Let b(f) = -4*f - 14. Let h be b(-5). Suppose 0 = -i + 78 - 21. Suppose -3*r - 2*v + 74 = r, 3*v - i = -3*r. What is the highest common divisor of h and r?
6
Let d = -7 + 13. Let u = -6 - -72. Calculate the greatest common factor of d and u.
6
Let c(u) = 2*u**2 + 32*u + 35. Let r be c(-16). Calculate the greatest common divisor of r and 175.
35
Let p = 25 - -40. Let f = -6 - -8. Let t be 153/6 - (-1)/f. Calculate the greatest common divisor of p and t.
13
Let d = 57 + -31. Calculate the greatest common divisor of 39 and d.
13
Let b be 2/(-1 + (-8)/(-10)). Let r(o) = o**2 - o - 2. Let g be r(b). Calculate the greatest common factor of 12 and g.
12
Suppose -5*k = -m + 3*m + 280, -3*m + 2*k - 420 = 0. Let r = -41 - m. What is the highest common factor of r and 9?
9
Let s = -25 - -35. Calculate the greatest common divisor of 15 and s.
5
Suppose f - 4 = -0. Let j = f - 7. Let i be j/(-9) + 33/9. Calculate the highest common factor of i and 8.
4
Suppose -4*x + 6 = -10. Calculate the highest common factor of 16 and x.
4
Let h(v) = v**3 + 3*v**2 - 3*v. Let z be h(-3). Suppose 32 = y + 5*g, -6 = -3*g - 3. Calculate the highest common factor of y and z.
9
Let z(g) = 2*g - 1. Let j be z(1). Let v be 9 - (1 - 1 - j). Calculate the greatest common factor of v and 110.
10
Let n(j) = 22*j**2 - 3*j + 2. Let a be n(-2). Let o = 138 - a. Calculate the greatest common factor of 28 and o.
14
Let f(o) = -o**2 + 13*o + 50. Let a be f(15). Calculate the greatest common factor of 120 and a.
20
Let g be (1 + 5)/((-4)/(-10)). Let r be 6/(-8) - (-6)/8. Suppose -h + 54 = 3*n - 167, r = -n + 2*h + 83. Calculate the greatest common factor of g and n.
15
Suppose 2*c - 36 = 10. Let z = c - 8. Let b be 105 + (2 - 1) + -1. Calculate the highest common divisor of z and b.
15
Let j(r) = 2*r - 3*r - 4*r - 2 - 1. Let y be j(-3). Let p(n) = 27*n. Let d be p(4). What is the greatest common divisor of y and d?
12
Let a(c) = -3*c**2. Let k be a(-1). Let u = 15 + k. What is the highest common divisor of 84 and u?
12
Let n be 152/(-10)*(-55)/22. Suppose -2*l + 34 = -n. Calculate the greatest common factor of l and 12.
12
Let f = -15 + 19. Suppose -5*d = -96 - f. Calculate the highest common divisor of 60 and d.
20
Let d(z) = -23*z - 6. Let r be d(-3). What is the greatest common divisor of r and 7?
7
Let o = 5 + 127. Suppose 5*f = -25, -2*i + 73 = 2*i - 5*f. What is the highest common divisor of o and i?
12
Let m(l) = 10*l + 1. Let j be m(1). What is the greatest common factor of j and 88?
11
Suppose 3*w = p - 58 + 4, 3*p + 25 = -2*w. Let u = w + 28. What is the highest common factor of 99 and u?
11
Let w(m) be the first derivative of 2*m**3/3 + 3*m**2 + 2*m + 3. Let b be w(6). Let t(q) = q + 10. Let p be t(0). What is the greatest common factor of b and p?
10
Let q(l) = 0*l**2 - l**2 + 8*l - 2*l. Let w be q(6). Suppose -2*i + 45 = 3*t - 2*t, w = -5*t + 5*i + 225. What is the greatest common divisor of t and 30?
15
Suppose -2*r - 10 = 0, 3*r = 5*t - 2*r + 15. Let h(u) = -7*u**2 + 4 - 2*u**3 + 8*u + u**3 + 0. Let m be h(t). Calculate the highest common factor of 4 and m.
4
Let l(b) = b**2 + 4*b + 10. Let o be l(-4). What is the greatest common divisor of o and 90?
10
Let q be (-8)/(2/(-2)) + -2. Let v = -32 + 70. Suppose -v - 22 = -2*f. Calculate the highest common factor of f and q.
6
Suppose -3*p + 2*p = -17. Suppose 3*j = j + 6. Suppose 4*m - j = p. What is the greatest common factor of 45 and m?
5
Suppose -6*v + 117 + 165 = 0. Calculate the greatest common factor of 517 and v.
47
Suppose 5*p + 5*h + 4 - 19 = 0, p + 3*h - 9 = 0. Suppose 0 = -p*d - 4*d. Suppose d = -3*s + 19 + 5. What is the highest common divisor of s and 8?
8
Let d(g) = 5*g + 64 + 48 - 7 - 3*g. Let k be d(0). Calculate the highest common factor of 21 and k.
21
Let k = -59 + 61. Calculate the greatest common factor of 8 and k.
2
Let y(a) = 44*a. Suppose 2 = n + 1. Let x = n + 1. Let u be y(x). What is the highest common factor of u and 11?
11
Suppose 5*w = 4*w + 6. What is the highest common factor of w and 54?
6
Let r = 163 - 113. Calculate the highest common divisor of r and 10.
10
Let q(v) = 9*v - v**2 + 3 - 3 - 5 - 5. Let b be q(4). What is the highest common factor of b and 90?
10
Suppose 0 = 3*t + o - 26, 0 = -t + 5*t + 5*o - 42. What is the highest common factor of t and 96?
8
Let b = 142 - 111. What is the highest common divisor of 248 and b?
31
Let u = 6 + -4. Suppose 0 = -4*h - u + 14. What is the highest common factor of 9 and h?
3
Suppose 3*u - 2 = -5*q, 3*u + 2*q - 6 = 11. Suppose -5*s + 5*v = -25, 3*v = 2*s + 7*v - 10. Let w = u - s. Calculate the highest common factor of w and 24.
4
Let z(g) = 8*g**2 + 3. Suppose -k - 5*v = -15, k = -2*k + 2*v - 23. Let a be z(k). What is the greatest common divisor of 29 and a?
29
Let p(n) = n**2 - 6*n + 4. Let h be p(5). Let k = 1 - h. Suppose 5*v + 9 = 2*q - 1, v = k*q - 10. What is the highest common factor of 2 and q?
1
Suppose -22 = -2*v + 8. Suppose -2*n - v = -7*n. Suppose -4*q + 40 = n*t - 2, 4*t = 5*q - 68. Calculate the greatest common factor of q and 3.
3
Suppose 2*j + j = 4*o - 125, 0 = 4*o - 2*j - 122. Suppose -o - 19 = -2*l. Calculate the greatest common divisor of l and 12.
12
Let t be 7 + (3 - 6/2). Let v(b) = 2*b**2 - 1